nits digit of 39854476?
6
What is the ten thousands digit of 214548?
1
What is the hundreds digit of 296314?
3
What is the ten millions digit of 16281569?
1
What is the hundred thousands digit of 1971360?
9
What is the hundred thousands digit of 1715895?
7
What is the hundreds digit of 161323?
3
What is the ten thousands digit of 8131409?
3
What is the hundreds digit of 842562?
5
What is the millions digit of 2048366?
2
What is the ten thousands digit of 2518966?
1
What is the ten thousands digit of 393949?
9
What is the hundreds digit of 2767993?
9
What is the units digit of 303906?
6
What is the hundreds digit of 410565?
5
What is the hundred thousands digit of 399186?
3
What is the tens digit of 8844?
4
What is the hundreds digit of 65304?
3
What is the tens digit of 4141998?
9
What is the units digit of 531506?
6
What is the hundred thousands digit of 5026714?
0
What is the hundred thousands digit of 115641?
1
What is the tens digit of 823071?
7
What is the tens digit of 17595027?
2
What is the hundred thousands digit of 207385?
2
What is the units digit of 119750?
0
What is the thousands digit of 753081?
3
What is the hundreds digit of 651247?
2
What is the thousands digit of 59752?
9
What is the hundreds digit of 169552?
5
What is the thousands digit of 3527527?
7
What is the units digit of 446660?
0
What is the hundred thousands digit of 205022?
2
What is the millions digit of 6577409?
6
What is the ten thousands digit of 497147?
9
What is the tens digit of 2672344?
4
What is the hundred thousands digit of 2721323?
7
What is the units digit of 39929712?
2
What is the ten thousands digit of 32029?
3
What is the thousands digit of 1497633?
7
What is the ten thousands digit of 2028909?
2
What is the units digit of 220654?
4
What is the thousands digit of 19597984?
7
What is the hundreds digit of 160431?
4
What is the hundred thousands digit of 1297957?
2
What is the millions digit of 4822021?
4
What is the tens digit of 15423671?
7
What is the millions digit of 6681664?
6
What is the ten thousands digit of 41749988?
4
What is the thousands digit of 6697355?
7
What is the millions digit of 16239639?
6
What is the millions digit of 6002031?
6
What is the ten millions digit of 19136738?
1
What is the hundred thousands digit of 836812?
8
What is the hundred thousands digit of 1344213?
3
What is the units digit of 913212?
2
What is the units digit of 7578737?
7
What is the hundred thousands digit of 100958?
1
What is the units digit of 375078?
8
What is the units digit of 6805646?
6
What is the tens digit of 1124699?
9
What is the units digit of 5832866?
6
What is the hundred thousands digit of 720110?
7
What is the thousands digit of 1327466?
7
What is the hundreds digit of 574861?
8
What is the hundred thousands digit of 2052604?
0
What is the tens digit of 243905?
0
What is the thousands digit of 83799?
3
What is the hundred thousands digit of 316139?
3
What is the hundred thousands digit of 630103?
6
What is the hundred thousands digit of 11095669?
0
What is the hundred thousands digit of 811261?
8
What is the ten thousands digit of 2249535?
4
What is the ten thousands digit of 414608?
1
What is the tens digit of 51976?
7
What is the thousands digit of 4618127?
8
What is the thousands digit of 3912806?
2
What is the tens digit of 437641?
4
What is the ten thousands digit of 9085827?
8
What is the thousands digit of 1750976?
0
What is the thousands digit of 9236939?
6
What is the thousands digit of 193749?
3
What is the units digit of 2210999?
9
What is the tens digit of 148548?
4
What is the tens digit of 123000?
0
What is the tens digit of 1376880?
8
What is the hundred thousands digit of 224503?
2
What is the thousands digit of 2956254?
6
What is the ten thousands digit of 18438?
1
What is the hundreds digit of 1184104?
1
What is the tens digit of 26786983?
8
What is the ten thousands digit of 75150?
7
What is the thousands digit of 56628?
6
What is the thousands digit of 7795?
7
What is the ten thousands digit of 249563?
4
What is the hundreds digit of 47855?
8
What is the thousands digit of 8445114?
5
What is the hundred thousands digit of 476788?
4
What is the hundred thousands digit of 1203803?
2
What is the hundred thousands digit of 966766?
9
What is the hundreds digit of 215791?
7
What is the hundred thousands digit of 8549758?
5
What is the hundreds digit of 403103?
1
What is the thousands digit of 140665?
0
What is the units digit of 4716278?
8
What is the millions digit of 3898544?
3
What is the tens digit of 139224?
2
What is the tens digit of 5053947?
4
What is the units digit of 4093171?
1
What is the ten thousands digit of 7567606?
6
What is the ten thousands digit of 14943314?
4
What is the ten thousands digit of 264247?
6
What is the hundreds digit of 1136318?
3
What is the hundred thousands digit of 1650907?
6
What is the tens digit of 843924?
2
What is the units digit of 3610794?
4
What is the tens digit of 17023513?
1
What is the ten thousands digit of 607639?
0
What is the ten thousands digit of 4938928?
3
What is the tens digit of 13587011?
1
What is the thousands digit of 20674?
0
What is the hundred thousands digit of 10885376?
8
What is the ten thousands digit of 567326?
6
What is the millions digit of 8034189?
8
What is the tens digit of 12939869?
6
What is the ten thousands digit of 5141609?
4
What is the tens digit of 423638?
3
What is the ten thousands digit of 202051?
0
What is the thousands digit of 147880?
7
What is the tens digit of 275595?
9
What is the hundreds digit of 10469139?
1
What is the hundreds digit of 983608?
6
What is the units digit of 11539446?
6
What is the hundred thousands digit of 197977?
1
What is the tens digit of 14988505?
0
What is the hundred thousands digit of 211149?
2
What is the thousands digit of 2807715?
7
What is the thousands digit of 10982177?
2
What is the ten thousands digit of 4867589?
6
What is the tens digit of 911962?
6
What is the units digit of 3190007?
7
What is the thousands digit of 351323?
1
What is the hundreds digit of 2898883?
8
What is the millions digit of 1978800?
1
What is the ten thousands digit of 2417464?
1
What is the hundreds digit of 1266019?
0
What is the millions digit of 1417263?
1
What is the hundreds digit of 1786186?
1
What is the thousands digit of 139048?
9
What is the ten thousands digit of 31386194?
8
What is the ten thousands digit of 3327729?
2
What is the thousands digit of 5889520?
9
What is the thousands digit of 9254198?
4
What is the hundreds digit of 231122?
1
What is the units digit of 4085034?
4
What is the tens digit of 667990?
9
What is the units digit of 369748?
8
What is the units digit of 395789?
9
What is the ten thousands digit of 206487?
0
What is the units digit of 2026068?
8
What is the ten thousands digit of 7066906?
6
What is the tens digit of 483735?
3
What is the ten thousands digit of 695763?
9
What is the thousands digit of 1400283?
0
What is the tens digit of 477826?
2
What is the ten thousands digit of 313124?
1
What is the millions digit of 4960513?
4
What is the hundreds digit of 596566?
5
What is the tens digit of 545470?
7
What is the hundreds digit of 927271?
2
What is the hundred thousands digit of 341238?
3
What is the hundred thousands digit of 14192785?
1
What is the hundred thousands digit of 4237196?
2
What is the ten thousands digit of 38069309?
6
What is the thousands digit of 134107?
4
What is the hundred thousands digit of 1664378?
6
What is the units digit of 25308?
8
What is the ten thousands digit of 823200?
2
What is the thousands digit of 933059?
3
What is the ten thousands digit of 1601973?
0
What is the ten thousands digit of 1172446?
7
What is the tens digit of 876430?
3
What is the hundred thousands digit of 382801?
3
What is the thousands digit of 7533309?
3
What is the thousands digit of 354317?
4
What is the ten thousands digit of 420323?
2
What is the units digit of 13733268?
8
What is the hundreds digit of 140043?
0
What is the units digit of 266083?
3
What is the hundred thousands digit of 1353950?
3
What is the ten thousands digit of 10185?
1
What is the hundred thousands digit of 158333?
1
What is the tens digit of 2822640?
4
What is the hundreds digit of 1112708?
7
What is th